*2 - 9*v - 4. Let b be j(9). Let p(h) = 50721 + 50722 - 101436 + h. What is p(b)?
3
Let o(q) be the second derivative of q**7/840 + q**6/180 + q**5/40 + 5*q**4/6 - 35*q. Let y(b) be the third derivative of o(b). Let h = -10 + 8. What is y(h)?
7
Let h be 11 + (4 + -5 - 6). Suppose 6*g - 4 = h*n + 10*g, -3 = -3*n - 5*g. Let s(b) = -b**3 - 6*b**2 - 2*b + 4. Give s(n).
-20
Suppose 16 = 10*x + 66. Suppose 4*b - 12 = -i, -3*i + 6*i - 6 = 3*b. Let y(k) = 7*k - 3*k**2 + 4 + i*k**2 - 1. Calculate y(x).
-7
Let z(o) = -5*o**3 + 18*o - 4 + 2*o**3 + 1 + 1 + 2*o**3 - o**2. Calculate z(-5).
8
Let p(n) = 0 - 9 - 404*n**2 + 333*n**2 + 2*n + 75*n**2. Calculate p(4).
63
Let z(x) = -2*x**2 + 2*x + 1. Let o be -3*(1 + (-28)/12). Give z(o).
-23
Let i(d) = 2*d + d**3 + 0*d**3 + d + 3 - 5*d**2 - 2*d. Let f(c) = 59*c + 1832. Let n be f(-31). Determine i(n).
-12
Let c(z) be the third derivative of -z**7/5040 - 7*z**6/720 + 59*z**5/20 + 126*z**2. Let j(f) be the third derivative of c(f). Calculate j(-8).
1
Let w = -210 + 202. Let f(d) = d**2 + 9*d + 24. What is f(w)?
16
Let o(k) = -2*k - 6. Let d(m) = m + 4. Let c(s) = -8*d(s) - 5*o(s). Let p(n) = 34 + 5*n + 84 - 141 + 82. Let u be p(-11). Determine c(u).
6
Let w(t) = -4*t - 17. Let v = 3573 - 3573. Calculate w(v).
-17
Let o be (-13 - -25) + (4/(-20) - 216/(-30)). Let a(f) = -2*f + 6. Determine a(o).
-32
Let s(f) be the third derivative of f**7/840 + 7*f**6/720 + f**5/20 + 5*f**4 - 12*f**2 + f. Let h(z) be the second derivative of s(z). What is h(-4)?
26
Suppose -4*a = -3*q + 29, a = -2*q + 7*q - 20. Let z(m) = -5*m**3 - 3*m**3 + 1 + 2*m - 2 + q*m**3. Calculate z(1).
-4
Let u(d) be the second derivative of -5/6*d**3 - 1/12*d**4 + d - 13 - 2*d**2. Let i be 2*1 - (-20)/(-4). Give u(i).
2
Let b = -2340 + 2335. Let k(s) = -s**2 - 6*s - 4. Give k(b).
1
Let b be 12/(-54) - 1209/27. Let f = -51 - b. Let s(r) = 2*r + 7. Let u(g) = -2*g - 7. Let k(a) = f*u(a) - 5*s(a). Determine k(-6).
-5
Let v(h) = -2*h**3 + 28*h**2 - 58*h - 73. Let y be v(11). Let r(s) = -3*s + 19. Give r(y).
-26
Suppose 18*i - 59 = 13. Suppose j + i*j = -15. Let y(n) = -2*n + 3. Give y(j).
9
Suppose 209 = 8*x + 11*x. Let k(g) = -7*g**3 + 8*g**2 + 10. Let m(r) = -19*r**3 + 23*r**2 + 28. Let o(u) = x*k(u) - 4*m(u). Let d = -9 - -5. Calculate o(d).
-2
Let j be (-2 - -2)/(-4*4/(-8)). Let h(k) = -k**3 - k**2 - 2*k - 15. Give h(j).
-15
Suppose -7 = -15*z + 8. Let q(v) = -v + 9*v + z - 4 - 6 + 1. Calculate q(6).
40
Let o(c) = c**2 + 4 - 11 - 9 + 5*c. Let q = -49097 - -49090. Determine o(q).
-2
Let w(q) = -13*q - 69. Let z(h) = -107*h - 556. Let t(n) = 25*w(n) - 3*z(n). Give t(-16).
7
Let o = -71 + 80. Let l(g) = -10*g - o*g + 27*g - 1 - 7*g. Determine l(3).
2
Let f(k) = -k**2 - 14*k - 15. Let u(a) = -a**3 - 8*a**2 - 5*a. Let n(q) = -2*q**3 + 65*q**2 - 32*q - 7. Let w be n(32). Let r be u(w). What is f(r)?
-15
Let x(y) = 8*y + 49. Let t(a) = -7*a - 44. Let z(v) = 7*t(v) + 6*x(v). Suppose -4*u + 52*u + 576 = 0. Calculate z(u).
-2
Let g(t) = t**2 - t - 14. Suppose -15*u + 10*u - 18 = -3*q, 4*q = 4*u + 24. Determine g(q).
16
Let q(v) = -v**2 + 5*v + 87. Let n be (33/(-15) + 1)/(-30 + (-8970)/(-300)). Calculate q(n).
3
Let u(m) = -2*m + 4*m + 4*m**2 - 3 - 3*m**2. Suppose 42 - 16 = 2*c + y, 6 = 3*y. Suppose -n = -4*t + 11, -c*t + 4*n = -8*t - 20. What is u(t)?
5
Suppose -h + b = -57, -5*h - 3*b - 31 = -332. Let a(q) = 105 + 0*q + q - h. Calculate a(0).
46
Let l(o) = -o**3 - 7*o**2 + 8*o + 6. Suppose 18*y = 10*y + 11*y. Suppose -5*w + 2*m - 50 = 0, y = 4*w - 0*w - m + 37. Give l(w).
6
Suppose 4 = n - 0*n - l, -10 = 5*n + l. Let s(i) be the first derivative of -25*i**3/3 + i**2/2 - 16429. Determine s(n).
-26
Let w(q) = -10*q**2 - 21*q - 2. Let a(j) = -7*j**2 - 20*j - 2. Let i(o) = -3*a(o) + 2*w(o). Give i(-18).
2
Let i(p) = p**3 + 2*p**2 - 6*p - 2. Let r = -86 + 90. Suppose 2*x + 4 = -o, 3*o + 12 = -r*x + x. Give i(o).
-10
Let k(j) = -j**3 + 12*j**2 - 5*j - 5. Let y be k(1). Let t(m) = 5*m**2 + 2*m - 1. Calculate t(y).
6
Let a(x) = 19*x - 26. Let f = 11806 + -11803. Determine a(f).
31
Let c = -1221 + 1214. Let d(u) = -u**3 - 8*u**2 - 5*u - 1. Give d(c).
-15
Let d(o) = -4*o + 30. Let n(z) = -398*z + 2003. Let c be n(5). Determine d(c).
-22
Let h(t) = 30*t**2 - 8*t - 392. Let d(f) = 17*f**2 - 6*f - 195. Let m(q) = 7*d(q) - 4*h(q). What is m(-20)?
3
Let u(f) be the first derivative of -1/4*f**4 - 8/3*f**3 + 12*f + 11/2*f**2 - 145. Suppose 55 - 10 = -5*g. What is u(g)?
-6
Let n(p) = -3*p**2 - 27*p - 11. Let b be n(-9). Let l(s) = 5*s**2 - 4*s**2 + 5*s**2 + 12*s + 15 - 5*s**2 + 0. Give l(b).
4
Let u be (19 - 20 - (4 + 1)) + 5 + 0. Let y(d) = d - 1. Let a(o) = 2*o - 3. Let l(g) = 2*a(g) - 6*y(g). Determine l(u).
2
Let l(q) = 6*q**3 - 8*q**2 - 3*q - 9. Let p(i) = -3*i**3 + 3*i - 1. Let z(c) = -l(c) - p(c). Calculate z(3).
1
Let n(d) = 2*d**2 + 8*d. Let a = -4818 - -4811. Determine n(a).
42
Let p(v) be the first derivative of v**3/3 - 17*v**2/2 + 16*v - 3233. Give p(14).
-26
Let x(y) be the first derivative of -y**3/2 - 3*y**2/2 - 166*y - 95. Let r(s) be the first derivative of x(s). Determine r(3).
-12
Let f(y) = y**3 + 4*y**2 + y - 4. Let j(w) be the first derivative of 5/3*w**3 - 3*w**2 - 1/4*w**4 - 39 + 4*w. Let k be j(4). Calculate f(k).
-8
Let j(g) = g**2 - 3*g - 1. Suppose -170 = -25*n + 5. Let o(k) = -2*k + 12. Let d be o(n). What is j(d)?
9
Let a(k) = -13*k**2 - 23*k - 108. Let t(j) = -2*j**2 + j + 10. Let m(h) = -a(h) + 6*t(h). Give m(-23).
30
Let u(g) = -g**2 + 15*g - 22. Let w be 56/(-14)*75/(-25). Calculate u(w).
14
Let r(x) be the second derivative of 11*x**3/6 - 3*x**2/2 - 81*x - 5. Determine r(-2).
-25
Let n(a) be the first derivative of a**4/24 - a**3/6 + 51*a**2/2 - 24. Let t(o) be the second derivative of n(o). Give t(3).
2
Let u = 105 - 56. Let q = -42 + u. Let c = q + -10. Let d(p) = p**3 + 4*p**2 + 4*p. Give d(c).
-3
Let q(u) be the second derivative of -2/3*u**3 + 0 + 2*u**2 - 1/6*u**4 + 2*u. Let r = -1164 + 1160. What is q(r)?
-12
Let t = -1 + 1. Let r(s) be the first derivative of -1/2*s**2 - 15*s + 33. What is r(t)?
-15
Let a(k) = -5*k**3 - 19*k**2 - 21*k - 18. Let j(d) = -d**3 - 2*d**2 - d - 6. Let g(h) = a(h) - 4*j(h). Give g(-9).
-3
Let r(k) = k + 3 - 1 + 0. Let w(j) be the second derivative of -j**5/20 + 13*j**4/12 - 6*j**3 + 31*j**2 + 5*j - 2. Let z be w(10). What is r(z)?
4
Let s be ((-1)/(-3))/((-11)/66). Let x = -72 + 74. Let w(q) = 11*q**2 + 1 - 8*q**2 - 2*q**x. Give w(s).
5
Let x(b) be the second derivative of b**4/12 + b**3/2 + 3*b**2/2 - 2*b. Let a(s) = s**2 - 11*s + 1. Let j be a(11). Let m be (19 - 20)/(j/2). Determine x(m).
1
Let q(t) = -t**3 - 8*t**2 + 11*t + 10. Let y(x) = -x**2 + 21*x - 113. Suppose 2*w - 6*w + 48 = -4*k, -3*w + 4*k = -35. Let n be y(w). What is q(n)?
-8
Let i(u) = 15*u - 40996 + 82008 + u**2 - 40998. Determine i(-12).
-22
Let m(p) = 2 - 2*p**3 - 7 - 9*p**2 + 54*p**2 - 18*p**2 + 2*p - 23*p**2. Calculate m(3).
-17
Let u(r) = -r**2 + 12*r + 104. Suppose -519 + 483 = 6*x. What is u(x)?
-4
Suppose -34*c = -45*c + 44. Suppose 8*h = -92 - c. Let v(g) = -g**2 - 11*g + 9. What is v(h)?
-3
Suppose 0*b = 4*b. Suppose b = -5*m - 0 - 10. Let i(a) = -11*a**2 + 3*a - 2. Let c(u) = -21*u**2 + 7*u - 5. Let j(r) = m*c(r) + 5*i(r). What is j(1)?
-12
Let v = -83 + 86. Let z(y) = -5*y**2 + 7*y**v - 3 - 2*y**3 - 4*y**3 - 5*y + 1. Suppose -3*p - 16 = -2*d + 5, 5*d + 3*p = 21. Determine z(d).
4
Let i(n) be the second derivative of -n**3/3 - 20*n**2 - 155*n. Let v be i(-21). Let k(r) be the third derivative of -r**5/30 + r**4/8 + r**2. Determine k(v).
-2
Let h = 36 - 37. Let m(k) = 24*k + 9. Let y be m(4). Let v(g) = 10*g - y - 105 + 209. Give v(h).
-11
Let x(a) = -a**3 + 5*a**2 + 12*a - 43. Let h be x(4). Let z(c) = c**3 - 21*c**2 + 4*c - 26. Determine z(h).
58
Let o(y) be the second derivative of y**5/20 - y**4/2 + y**3 + 5*y. Let q be (1/2)/((-18)/(-180)). What is o(q)?
5
Let m(x) = -43*x - x**2 + 2*x**3 + 1 + 43*x. Let z(k) = k**2 - k. Let h(l) = 3*l**2 - 4*l - 16. Let f(p) = h(p) - 2*z(p). Let j be f(5). Calculate m(j).
-2
Let r(y) be the second derivative of y**5/20 + y**3/3 + 6*y - 669. Suppose 3*t + 3 + 6 = 0. Let l = t - -5. Determine r(l).
12
Suppose 0 = -23*j - 14*j + 74. Suppose 3*z = 2*k + 5, -13 - 12 = -j*k - 3*z. Let w(p) = p